s the remainder when y is divided by 1*(2/b)/1?
1
Suppose -2*g = -4, -a + g + 0 + 2 = 0. Let r(q) = -q**3 - 5*q**2 + 3. Let y be r(-5). Suppose a*l - 12 = y*l. Calculate the remainder when 33 is divided by l.
9
Suppose 6*m - 3*m - 2*v - 68 = 0, -2*v - 116 = -5*m. What is the remainder when 188 is divided by m?
20
Suppose 0 + 40 = 5*n. Let h(i) = -2*i - 10. Let m be h(n). Let d = -14 - m. What is the remainder when 22 is divided by d?
10
What is the remainder when 127 is divided by (8 - -22) + (-4 - 0)?
23
Let w = 165 - 118. Calculate the remainder when 373 is divided by w.
44
Let s = -29 + 40. Suppose -6 + 48 = 2*n - 2*j, -3*j - s = -n. What is the remainder when 51 is divided by n?
25
Suppose 0 = 4*q - 20, j - 3*q = -15 + 47. Calculate the remainder when j is divided by 16.
15
Let w(r) = -r**3 - 22*r**2 + 109*r - 9. What is the remainder when 68 is divided by w(4)?
2
Let f = 210 - 145. What is the remainder when f is divided by 22?
21
Let x = 926 - 899. What is the remainder when 52 is divided by x?
25
Let s(g) = g**2 + g - 1. Suppose 2*k - 2 = 4*k - 3*r, 0 = -5*k + 3*r + 4. Calculate the remainder when s(k) is divided by 4.
1
Let v(q) = q**2 + 1. Let l be v(1). Suppose 5*z = l*i + 52, -4*z + 0 + 43 = -3*i. Calculate the remainder when 15 is divided by z.
5
Suppose -4*s - 12 = 4*b - 0*s, -3*b + 1 = s. Calculate the remainder when 137 is divided by (-56)/(-6)*(-2 - -7 - b).
25
Suppose 0 = -7*w + 9*w - 66. Let q be ((-1)/1 - 0)*-1. What is the remainder when w is divided by q*-1 + (-20)/(-2)?
6
Let k be -28 + (-2 + 2)/(-2). Let g = 87 + k. Calculate the remainder when g is divided by 16/10*(-1 + (-135)/(-10)).
19
Let t(k) = 2*k**2 + 9*k - 66. What is the remainder when t(7) is divided by 17?
10
Let h(g) = g**3 + 3*g**2 - g - 6. Let y be h(-3). What is the remainder when y/12 + 759/44 is divided by 9?
8
Suppose 0*m - 5*m - 13 = -4*p, m - 9 = -5*p. Suppose u - 6 + p = 0. What is the remainder when u is divided by (5/2 + 14/28)/1?
1
Let q(t) = -8*t**3 + t**2 + 37*t + 224. Calculate the remainder when q(-7) is divided by 89.
88
Suppose -4*b = -4*r - 52, 7*b + 4*r = 5*b + 26. Calculate the remainder when 1 - -2 - (-16 + -2) is divided by b.
8
Suppose -1542 = -19*t + 130. Calculate the remainder when t is divided by 13.
10
Let t(o) = o**3 + 30*o**2 + 27*o - 55. Let s(z) = 3*z - 7. What is the remainder when s(4) is divided by t(-29)?
2
Let v = -360 + 254. Let g = -71 - v. What is the remainder when g is divided by 18?
17
Suppose 2*l = 0, 13*r - 8*r = -3*l + 105. What is the remainder when r is divided by 16?
5
Let g(t) = t + 10. Let f(m) = -m**3 + 9*m**2 - 8*m + 2. Let q be f(8). Let d be 13/(-26) - 9/q. Calculate the remainder when g(d) is divided by 2.
1
Let p = 1440 + -1430. Calculate the remainder when 165 is divided by p.
5
Let j(f) = -15 + 8*f - 28 - 12 - 29*f. Calculate the remainder when j(-7) is divided by 31.
30
Let t(s) = -s**3 - 3*s**2 + 3. Let u be t(-3). Suppose -2*p + 2 = u*g, -3*g - 1 = -4*g - p. Let l = 18 + g. Calculate the remainder when l is divided by 5.
3
Let i = -2419 - -2457. Calculate the remainder when i is divided by 3.
2
Calculate the remainder when (-6)/(-21)*(1 - -118) - -2 is divided by 10.
6
Let v(r) = r + 59. What is the remainder when v(-10) is divided by 5?
4
Suppose -2*v - v - 27 = 0. Let k be (-195)/(-2) + v/(-18). Suppose -4*z + 58 = -k. Calculate the remainder when z is divided by 21.
18
Suppose -39 = 4*f - 107. Suppose 0 = -z + 2*z - 152. Let n = z + -86. What is the remainder when n is divided by f?
15
Let c = 9 - 0. Suppose k = 2*k - c. Suppose 2*a - 48 = -a. What is the remainder when a is divided by k?
7
Suppose 6*r = 2*r + 68. Let b(q) = 2*q + 3. Let p be b(3). What is the remainder when r is divided by ((-15)/p)/(2/(-12))?
7
Let g(v) = 6*v + 1. Suppose 4*s - 20*d + 25*d = 624, 680 = 4*s - 2*d. Calculate the remainder when s is divided by g(2).
10
Suppose 4*u = -12, 4*t + 3*u = 44 + 3. Calculate the remainder when 1033 is divided by t.
11
Let x be (-63)/6*24/(-18). Suppose 1 = -2*j + 13. What is the remainder when j is divided by (-6)/x - 2*17/(-14)?
0
Calculate the remainder when 180 is divided by -4 - (12 + 0)*378/(-72).
3
Let h = -117 + 211. Let x = h + -78. Calculate the remainder when 61 is divided by x.
13
Let h = 68 + -56. Calculate the remainder when 130 is divided by h.
10
Suppose -31 = 5*f + 3*m - 91, -4*m = -3*f + 36. What is the remainder when 225 is divided by f?
9
Suppose 4*i + 4 = 60. Suppose -p - p + 15 = -t, -2*t = -2*p + i. What is the remainder when p is divided by 3?
2
Let f = 74 + -48. Let d be (-15)/2*(-2)/3. Suppose 0*v + 70 = d*v. What is the remainder when f is divided by v?
12
Let f = 758 + -641. Calculate the remainder when f is divided by 37.
6
Suppose 3508 - 3627 = -7*l. Suppose -p = -47 - 2. Calculate the remainder when p is divided by l.
15
Let t(b) = 18*b**3 - 2*b**2 - 2*b + 11. Calculate the remainder when t(2) is divided by 25.
18
Suppose 0 = 15*l - 36*l + 168. What is the remainder when 129 is divided by l?
1
Let r(y) = y**3 - 9*y**2 + 5. Let w be r(4). Calculate the remainder when 61 is divided by (-28)/(-10)*w/(-10).
19
Let g(v) = -43*v - 92. What is the remainder when g(-5) is divided by 110?
13
Let m = 21 - 15. Suppose 20 = -v + m*v. Suppose -4*a - a + 32 = v*s, 3*a + 2*s = 20. Calculate the remainder when a is divided by 3.
2
Suppose t + 12 = -2*m, 5*t + 0*m + 2*m = -20. Calculate the remainder when (1/t)/(12/(-600)) is divided by 17.
8
Let q(d) = d**2 + 3*d + 24. Calculate the remainder when q(-16) is divided by (987/63)/(1/3).
44
Suppose 0 = 2*t - 20*t + 1728. Suppose h + 3*h = -4*f + t, 0 = -h - 4. What is the remainder when 193 is divided by f?
25
Let c = -248 - -265. Let o(g) = g**3 + 11*g**2 + 9*g + 2. Calculate the remainder when o(-9) is divided by c.
15
Suppose 32*r - 4212 + 820 = 0. Calculate the remainder when 523 is divided by r.
99
Suppose -2*u + 280 = 4*g, 5*g + 638 = 4*u - 0*u. Let t = -1 + 15. Calculate the remainder when u is divided by t.
12
Suppose -4*h - x = -4*x - 110, 0 = -4*h + 4*x + 108. What is the remainder when h + (-7)/((-35)/10) is divided by 11?
9
Let t(l) = -2*l**3 + 2*l - 1. Let j(p) = 2*p**3 - p**2 - p + 2. Let r(f) = 2*j(f) + 3*t(f). Calculate the remainder when 70 is divided by r(-3).
20
Calculate the remainder when 2022 is divided by (22/77)/(-3 - 1160/(-385)).
20
Suppose -3*c + 3 = -2*c. Suppose c*h - 15 = 12. Suppose g - 37 = -2*s - 0*s, 0 = -5*s + 4*g + 60. Calculate the remainder when s is divided by h.
7
Suppose -776 = -87*k + 3052. Calculate the remainder when 834 is divided by k.
42
Let t = 1030 + -1007. What is the remainder when t is divided by 9?
5
Let b be 1 + (4/14 - (-4026)/21). Suppose -2*r - r + b = -4*l, 5*l = -5. Calculate the remainder when r is divided by 22.
19
Suppose 5*l + 6*l - 605 = 0. Suppose 321 = 7*k + l. Calculate the remainder when k is divided by 14.
10
Let t = -209 - -329. Let h be t/(-9)*9/(-6). Let p = 33 - h. What is the remainder when p is divided by 5?
3
Let h = -51 + 121. Let j = 82 - h. Calculate the remainder when 17 is divided by j.
5
Let x(p) = p + 24. Calculate the remainder when 175 is divided by x(-2).
21
Let z be (3/9 + 3)*6. What is the remainder when 5/(z/28) + -4 is divided by 1?
0
Let j = 967 + -929. What is the remainder when j is divided by 9?
2
Let a(r) = r**3 - 27*r**2 - 23*r - 52. What is the remainder when 257 is divided by a(28)?
81
Suppose -1656 = 11*f - 34*f. Calculate the remainder when f is divided by 16.
8
What is the remainder when 6/(-2) - (6 + 0 + -101) is divided by 16?
12
Let a(t) = 27*t**3 - t**2 + 2*t - 1. Calculate the remainder when a(1) is divided by 183/12 + 1 + 20/(-16).
12
Suppose n + l - 61 = 0, 6*l - 126 = -2*n + 3*l. What is the remainder when 223 is divided by n?
52
What is the remainder when 1558 is divided by (29 - -2) + 14/(-2)?
22
Suppose -5*u - 2*j = 2*j - 18, j = -3. Let n = -94 - -44. Let m = n - -67. What is the remainder when m is divided by u?
5
Let j(t) = -t**2 + 8*t + 22. Calculate the remainder when 60/40*((-125)/(-3) + 1) is divided by j(9).
12
Suppose 0 = -16*j + 11*j + 10. Suppose -j*l = -5*z - 31, 3*z - 20 = 7*z. Suppose 20 = p + p. What is the remainder when p is divided by l?
1
Suppose -21*c - 1248 = -29*c. What is the remainder wh